88 + g. Is d composite?
True
Let i = 68 + -54. Suppose 7*u = i + 21. Suppose -h - 1228 = -u*h. Is h a composite number?
False
Suppose 0 = 5*i - 1841 - 34. Suppose i = 5*z - 2990. Is z composite?
False
Let u be -21*14/(-105)*(-6 - -1). Let n be u/(-35) - (27069/(-15) - -1). Suppose -2*b + w + n = 0, -2*w = b - 316 - 581. Is b a prime number?
False
Let u(c) = 25*c**3 - 79 - 14*c**2 + 72*c**2 - 43*c - 26*c**3. Is u(56) a composite number?
True
Let r be 10/5 + 0 + -1 + 6. Suppose -r*v + 3*v = -8. Suppose d - 3*q - 526 = 0, 1837 + 237 = 4*d - v*q. Is d prime?
False
Let q = 2 - -52. Let w = q - 49. Suppose -w*g - 3*u = -5699, -2*u = -5*g + 6773 - 1064. Is g a prime number?
False
Let q = 2038 + -309. Suppose -6*t - 1756 = -4*t. Let y = q + t. Is y prime?
False
Suppose 1142564 = 10*y + 206134. Is y prime?
False
Suppose 0 = 3*f + 18, 30*j - 26*j - 717268 = 4*f. Is j prime?
False
Suppose 27*l + 2*l - 95*l + 11730774 = 0. Is l prime?
True
Let l(r) = 317*r - 36. Let h(k) = -316*k + 35. Let f(t) = 3*h(t) + 4*l(t). Let b be f(-14). Let j = b - -6978. Is j composite?
False
Suppose 2*c = -2*m - 9284, -4*c = 3*m - 7*m - 18592. Let o = m - -11048. Is o composite?
True
Suppose 5*s + 4*x = 58617, s - 4*x = 5*s - 46896. Suppose -6*c - t = -9*c + s, 5*t = 4*c - 15628. Is c a prime number?
True
Let a = -268 + 415. Let x be 2/7 + -1 - 42/a. Is (7 - -1399) + x + -1 + 5 composite?
False
Let u(o) = o**2 - 12*o + 30. Let w be u(8). Is (-3)/(-5 - w)*97 composite?
False
Let o be (0 + -1)*-21*77282/102. Let g = -10956 + o. Is g a prime number?
False
Suppose -4*p + 294 + 46 = 0. Suppose p*s - 90*s = 0. Suppose 3*r + 4*z - 7639 = s, -z + 7632 = 3*r - 4*z. Is r a prime number?
False
Let t = 2 + 2. Let n be (3 + 1 - t)/(-4). Suppose -3*x - 3*x + 3102 = n. Is x prime?
False
Let q be (-4 + 3)/((-2)/10). Let a(b) be the second derivative of 3*b**5/20 - b**4/2 + 2*b**3/3 + b**2 - 30*b. Is a(q) a prime number?
False
Let k = 29 + -35. Let s be (-13694)/(-7) - k/(-21). Let v = s - 793. Is v a prime number?
True
Let j(w) = -w**3 + 11*w**2 + 17*w - 52. Let v = -44 + 72. Let p be v/42 + (-19)/(-3). Is j(p) a composite number?
False
Let t(n) = -18*n**3 - 4*n**2 - n - 2. Let s(a) = -a**3 - 6*a**2 - 6*a + 1. Let g be s(-5). Let d(f) = -3*f + 15. Let v be d(g). Is t(v) a prime number?
False
Let l(z) = 11*z**3 - 8*z**2 - 18*z + 35. Let r be l(-9). Is r/(-2) - ((-3 - 10) + 7) a composite number?
False
Let r(s) = 31*s + 108. Let y be r(-3). Suppose -16*g - y*g = -227013. Is g a composite number?
True
Let s(y) = -14*y**2 + 6 - 198*y + 204*y + 68*y**3 + 5. Is s(5) prime?
True
Suppose -42241 - 15011 = -78*m. Is m prime?
False
Let o be (-1)/((-6)/51) - 5/10. Suppose 5 = -s + 4*z - 1, z + o = 5*s. Suppose 329 = 3*i - g, -5*g + 3*g - 214 = -s*i. Is i a prime number?
False
Let x(p) = p + 3. Suppose -8 = -2*j, -3*t - j = -8*t + 16. Let q be x(t). Is (-59)/(4 + (-29)/q) a prime number?
False
Let m(s) = 25*s + 23. Let d be m(0). Is (8081/(-2))/(d/(-230)) a composite number?
True
Let p be (2 + -74)/(-3)*(-2)/(-4). Is (-3)/p - 0 - 123798/(-24) prime?
False
Let h be (2 - 0)/(8/60). Let z(d) = d**3 - 14*d**2 - 16*d + 22. Let u be z(h). Is 28/u + (1 - -134) a composite number?
False
Is ((12/16)/(24/104) - 4)*-5108 a prime number?
False
Let c = 126 + 3562. Let t = 140 + -138. Suppose c = p + 3*p + 4*m, 0 = 3*p - t*m - 2761. Is p composite?
True
Let s(q) = 1644*q**2 + 5*q - 24. Let l be s(10). Is (0 + 3/(-6))/((-19)/l) prime?
True
Let g = 149744 + -23935. Is g a prime number?
False
Let l = 2038421 - 732552. Is l a composite number?
False
Let k(z) = -5*z - 25. Let q(i) = 6*i + 6. Let n be q(-3). Let a be k(n). Suppose a = h + 4*j, 3*h - 7*h = 3*j - 127. Is h a prime number?
True
Let l(x) = 53 + 2*x + 12*x - 9*x + 83*x**2 - 30. Let v(m) = -5*m**2 - 3*m + 2. Let f be v(1). Is l(f) a composite number?
True
Let o be (-2 - -3)*(3 + 67 + 3). Let q = 184 - o. Is q a composite number?
True
Let o(i) = 54*i - 5. Let k(s) = 109*s - 10. Let b(z) = -2*k(z) + 5*o(z). Let y be b(-4). Is (-6)/3*y/6 a prime number?
True
Is 10/6*117/195 - -78190 composite?
False
Suppose 0 = -45*t + 50*t - 10. Let l be (-17264)/(-9) - (t + 48/(-27)). Is l*((-4)/(-8) - 0) a prime number?
False
Is (-5)/5*-4 + -8 - (0 - 20747) prime?
True
Is (14 - (-2 - 7)) + 4043582 a prime number?
False
Let k(x) = 99*x**3 - 2*x**2 - 3*x + 1. Let f = 19 - 16. Is k(f) composite?
False
Suppose -42*j + 40328681 = 6079067. Is j composite?
True
Suppose -8*z = -6*z - 4. Let k be (39/52)/(z/3768). Let c = k - 410. Is c prime?
False
Let x(n) = 21 - 1830*n + 1755*n + 34. Is x(-16) prime?
False
Suppose 157263 = -15*d - 4*d. Let a = -3050 - d. Is a a composite number?
False
Suppose -5*d = -0*d - 1830. Let r be (-1076)/((6 - 4)/(-4)). Suppose d + r = 2*m. Is m composite?
False
Let z = -11 + 10. Let i be (2/5 + z)/(8/(-40)). Suppose -5*l + 961 = -3*v - 1641, -5*v + 1568 = i*l. Is l composite?
False
Is (-955088)/(-16) - 2 - -2 prime?
True
Let h = 21 + -18. Let i(w) = 455*w - 31. Let f be i(-13). Is f/4*10/(-45)*h a prime number?
True
Let b = 224974 + -19229. Is b prime?
False
Let k be (39/(-12))/(4/(-80)). Let d = -63 + k. Is ((-88420)/40)/((-1)/(d*1)) a prime number?
True
Let b = 142 + -137. Suppose 4*u = b*u + 3*j - 460, 0 = -3*u - 2*j + 1401. Is u composite?
True
Let n be (112/(-98))/((-2)/14). Suppose -n*d = -0*d - 26968. Is d a composite number?
False
Suppose -23*m - 1364 = -27*m. Suppose m*r = 344*r - 32979. Is r a prime number?
True
Let f = -7158 + 7155. Let a(g) = -g + 154*g**2 - 3 - 5 + 1. Is a(f) composite?
True
Let m(o) = 3 - 3 + 4 + 9*o. Let u be m(-1). Let q(y) = -51*y - 2. Is q(u) a composite number?
True
Suppose 5*m = -2*p + 6547, 0*m = -m - 1. Suppose -16386 = -5*f - 4*r, 4*r = -f + 2*r + p. Let t = -2280 + f. Is t composite?
True
Suppose -16*x = 19*x - 278250. Let s = 15019 - x. Is s a prime number?
True
Suppose 8*g = 13*g - 20200. Suppose r = -4*w + 113 + 690, -g = -5*r + 5*w. Is 2*4/24*r a prime number?
True
Let p = -88 + 87. Let h(o) = -o**3 + o**2 + o + 1. Let v(l) = -7*l**3 - 5*l**2 + 10*l + 9. Let f(k) = p*v(k) + 6*h(k). Is f(-8) a prime number?
False
Let j be -7 - (-23 + 8 - -6). Suppose -t + 138 = a - 715, 0 = -j*a + 3*t + 1696. Is a a prime number?
False
Let h = -2947 - -5312. Let l = h + -7105. Is -2*(l/8 - -4) a prime number?
False
Let b = -11922 + 261050. Suppose -8 = -2*c, -c = -4*d + 2*c + b. Is d prime?
False
Suppose 42*c = 2709105 - 575967. Is c a composite number?
False
Suppose -3*v = -346216 + 18403 - 60768. Is v prime?
True
Suppose -3*n = 60*k - 59*k - 147879, 4*n - 197182 = -3*k. Is n composite?
True
Suppose 0 = -2*b, -w + b = w + 2. Let r be 5 + -3 + 1 + w. Suppose -r*d + 299 = 5*z, -701 = -8*d + 3*d + 3*z. Is d a composite number?
True
Suppose -126*x - 677107 = -2713645. Is x a prime number?
False
Let a(t) = 325*t**2 - t - 3. Let h(i) = -162*i**2 + i + 3. Let x(q) = -3*a(q) - 7*h(q). Is x(5) prime?
True
Is 23542 + -12 + (-190)/(-10) prime?
True
Suppose -14*t + 691291 = -965814 - 1508589. Is t prime?
False
Let r(h) = -288*h**2 + 10*h. Let s(i) = 143*i**2 - 5*i - 1. Let b(a) = 2*r(a) + 5*s(a). Is b(8) a prime number?
False
Suppose 17*y + 5*x - 2169 = 16*y, 2*y - 4368 = 5*x. Is y composite?
False
Suppose -5*i + 56890 = 5*h, -2*i + 5*h - 3*h + 22752 = 0. Suppose 16*c = 15*c + i. Is c prime?
False
Let y = 34 - 26. Suppose -56 = y*w - 0*w. Is (-2903)/w + (-12)/(-42) composite?
True
Let o = 5 + -7. Let g(h) be the second derivative of -h**5/2 - h**4/6 + h**3/2 + 3*h**2/2 + 12*h. Is g(o) a prime number?
False
Let g be 8/(-3)*180/120. Suppose -4*r + 5 - 13 = 0. Is 6/g - r - 38984/(-16) prime?
True
Suppose -15*t - 21908 = -19*t. Let k = t + -2590. Is k prime?
True
Let l be (10/(-4))/((-7)/14). Suppose 0 = 2*i - i + 3, h = -l*i - 8. Suppose 4*a + h = 99. Is a a prime number?
True
Let c(p) = 4819*p**3 + 6*p**2 + 5*p + 2. Let m(y) = -y - 2. Let v(n) = -c(n) - m(n). Is v(-1) prime?
True
Let f = -188 - -274. Suppose 0 = 10*v - 34 - f. Suppose 0 = -7*x + v*x - 125. Is x prime?
False
Let z be (-15 + -61)/(2/41). Let w = z + 5979. Is w prime?
True
Is 13882596/(-364)*2/(-2) a prime number?
False
Let d(j) = 81*j**3 - 13*j**2 + 636*j + 25. Is d(18) prime?
False
Suppose -87*v + 21945994 + 6537893 = 0. Is v a composite number?
False
Suppose -22*d = -21*d - 82